Suppose 3*u + b*z = 30, 5*u + z - 6*z = 40. Let d be ((-15)/(-2))/((-13)/(-78)). Calculate the highest common factor of d and u.
9
Let f(r) = 70*r + 9. Let z be f(2). Let i = z - 113. Calculate the greatest common divisor of i and 60.
12
Let h = -540 - -800. Suppose -n + 12*o - 17*o = -6, 5*n + 4*o - 114 = 0. What is the greatest common factor of h and n?
26
Let d be (-1)/((4 + -7)/69). Suppose -2*h + y - d + 155 = 0, -272 = -4*h + 4*y. Calculate the greatest common divisor of 16 and h.
16
Suppose -3*r + 106 = 4*j, 2*r + j - 5*j = 104. Let q = 4 + 10. Calculate the highest common divisor of q and r.
14
Suppose 0*b = 2*b - 2*n - 28, 0 = b + 4*n - 19. Suppose -11 = 14*l - b*l. What is the highest common divisor of l and 11?
11
Let y be 4/(-3) + 1 - (-1363)/(-87). Let x be (-1276)/y - ((-18)/8 - -2). What is the highest common factor of x and 120?
40
Suppose 0 = -5*f + 4*h + 88, -4*f - 5*h + 68 = 14. What is the greatest common divisor of f and 6?
2
Let s be 1/(-3)*(-17 + 8). Let g(y) = 7 - 2*y + 3 + s*y + 5. Let c be g(-7). What is the highest common divisor of c and 2?
2
Let t be 10/30 + (-35)/(-3). Suppose o - 113 = t. What is the greatest common divisor of 25 and o?
25
Let b(y) = -y + 17. Let v be b(12). Suppose -v*u + 4*u + 19 = 0. Let k = 219 - 143. Calculate the greatest common divisor of u and k.
19
Let f be (-5 - -3)*1/((-5)/50). What is the highest common factor of 120 and f?
20
Let o(k) = 2*k**2 + 9*k + 5. Let f(j) = -j - 14. Let r be f(-7). Let z be o(r). What is the greatest common divisor of z and 10?
10
Let u(n) = n**3 + 8*n**2 + 121. Let y be u(0). Calculate the highest common divisor of y and 22.
11
Suppose -5*u - 1519 + 343 = 4*n, -5*n - 3*u - 1470 = 0. Let h = n + 749. Calculate the greatest common factor of h and 65.
65
Let h = 59 + 1. Suppose -11*j + 38 = 5. Suppose 2*y - 45 = 2*a - 7*a, -j*a - 6 = -y. Calculate the highest common divisor of h and y.
15
Let d(h) = -h**2 - 3*h + 3. Let r be d(2). Let t = 12 + r. Let u(w) = w**3 - 4*w**2 - 2*w. Let l be u(5). What is the highest common divisor of t and l?
5
Suppose -c = -94*o + 90*o - 3144, 4*c + o - 12661 = 0. Calculate the highest common divisor of c and 28.
28
Suppose -267 + 3 = -2*p. Calculate the highest common factor of 99 and p.
33
Let a be ((-16)/2)/(((-484)/(-33))/(-22)). Suppose 2*s + 8 = 4*s. Calculate the highest common factor of a and s.
4
Suppose -5*d = 2*c + 3*c - 50, -5*c + 35 = 2*d. Suppose d*k - 13 = 12. Calculate the greatest common factor of 10 and k.
5
Suppose -30 = 5*k, 21*n - 23*n - 2*k = -72. Let i(d) = -d + 3. Let l be i(-6). Let z = 23 - l. Calculate the highest common factor of z and n.
14
Suppose 0 = 204*c - 183*c - 2142. Calculate the greatest common factor of 1088 and c.
34
Suppose 0 = 3*b - k + 193, -b + 2*b + 46 = 4*k. Let o = -42 - b. Let h = 9 + -6. Calculate the highest common divisor of h and o.
3
Let h(u) = u**3 - 29*u**2 - 64*u + 81. Let g be h(31). What is the highest common factor of 1957 and g?
19
Let l = -555 - -690. Calculate the highest common factor of l and 120.
15
Let f be -4*2 + (-8112)/(-78). Calculate the highest common divisor of 336 and f.
48
Let w be 1 - 1641/(-5) - (-48)/60. Suppose -36 = -4*z + 84. What is the highest common factor of w and z?
30
Let v = 21 + -10. Let u be (v - (6 - 3)) + 3. Suppose u + 80 = k. What is the greatest common divisor of 13 and k?
13
Let a be (-330)/(-1*(-3)/(-36)*9). What is the greatest common factor of 40 and a?
40
Let w(j) = 4*j**2 - 40*j + 7. Let c be w(10). Suppose -9*v - 2*s = -c*v - 112, 3*v - 174 = 3*s. Calculate the greatest common divisor of v and 38.
19
Let f(r) = 6*r**3 - 3*r**2 + 3*r + 2. Let h be f(4). Suppose 14*y - 700 = h. What is the highest common factor of y and 15?
15
Let h be 59 - 54 - 404/(-2). What is the greatest common divisor of 276 and h?
69
Let h(o) = -o. Let m be h(-2). Suppose -u - 4 + 16 = -3*x, -m*u = -2*x - 16. Let t be (10/4)/(u/36). What is the highest common factor of 6 and t?
3
Let h(j) = j**3 + 8*j**2 + 13*j. Let s be h(-3). Calculate the greatest common factor of s and 9.
3
Let n(m) = m**2 + 3*m + 2. Let x be n(-6). Suppose 5*p - 107 = -4*s + 273, 0 = 3*p - 5*s - 265. What is the highest common factor of p and x?
20
Suppose 2*q + 1280 = 6*q - 6*z, -640 = -2*q + 5*z. What is the greatest common factor of q and 30?
10
Let h(s) = 2*s**3 + 10*s**2 - 31*s + 14. Let d be h(10). What is the greatest common factor of d and 32?
16
Let m be (-12684)/(-22) + 138/(-253). Calculate the highest common divisor of m and 24.
24
Suppose 2*i + 3*i - 10 = 0. Suppose i*m + 120 = 7*m. Let b = -120 + 132. What is the highest common divisor of b and m?
12
Let m be -1 - (-8 - 76)*(-2)/(-3). Calculate the highest common factor of m and 44.
11
Let t be ((-90)/(-30))/(1/7). What is the greatest common factor of 28 and t?
7
Let r = -312 - -361. What is the highest common factor of r and 35?
7
Let y be (2 + -11)/(0 + 1). Let i = 5 - y. What is the highest common factor of i and 7?
7
Let i be 6 + -4 + 0 - -38. Let y be (-3)/1 + 297/27. What is the highest common factor of y and i?
8
Let m(v) = -64*v - 10. Let p be m(-4). Let x = -116 + p. What is the greatest common divisor of x and 26?
26
Let h(n) = -n**3 - 10*n**2 + 19*n + 105. Let b be h(-11). Suppose -d - 5*z + 61 = 0, -d + 53 = -0*z + z. What is the highest common divisor of b and d?
17
Let v = 3216 - 2093. Suppose 722 + v = 9*d. Calculate the highest common factor of d and 82.
41
Let p(u) = u**2 - 5*u + 7. Let d be p(6). Let r = d + -10. Let g be (-3 - 3 - r)/(-1). Calculate the greatest common divisor of g and 9.
9
Suppose -k = 4*m + m - 2073, 5*k = m + 10287. What is the greatest common divisor of k and 42?
42
Let m = -618 + 1211. Suppose 3*c = -233 + m. Calculate the highest common factor of 15 and c.
15
Let v be ((-4)/30 + (-278)/(-60))*6. Suppose a + 1 - 7 = 0. Suppose 12 = -2*w + a*w. Calculate the greatest common factor of w and v.
3
Let w = -1 - -10. Let r(i) = i**2 + 15*i - 52. Let f be r(-15). Let v = f - -97. What is the greatest common divisor of v and w?
9
Let s(j) = j**2 + 14*j - 5. Let p(q) = q**3 + 14*q**2 - 16. Let c be p(-14). Let a be s(c). What is the highest common factor of 3 and a?
3
Let d = 2287 + -1288. Calculate the highest common divisor of 27 and d.
27
Suppose -5*d + v + 313 = 2*v, -3*v = 4*d - 246. Let n be ((-108)/14)/(((-72)/d)/8). Calculate the highest common divisor of 6 and n.
6
Let i(h) = -11*h - 458. Let o be i(-51). What is the greatest common factor of o and 1339?
103
Let f be (-35)/(-21) + 2/6. Let j be 8/16*(0 - 0). Suppose -c + 12 = -j*c. What is the highest common factor of c and f?
2
Let s be (-5)/(25/(4 - 9)) - -116. What is the highest common divisor of 26 and s?
13
Suppose -38*j - 2*z = -36*j - 138, -4*z = 4. Calculate the highest common divisor of 70 and j.
70
Suppose -4*z + 42 = 2*a, 2 = 3*a - 5*z - 17. Calculate the greatest common divisor of a and 26.
13
Suppose 0 = h + n - 121, -2*h + 2*n = -2*n - 272. Suppose 3*u = 11*i - 8*i + 30, 5*u = -2*i + 106. Calculate the highest common divisor of h and u.
18
Let a be (-1 + 3/2)/(13/624). Suppose 30 + 42 = 4*y. Let k = y + a. Calculate the highest common factor of 105 and k.
21
Let x(d) = d + 1. Let j be x(2). Suppose 179 = 4*l - 4*s - 1013, 3*s - 888 = -j*l. What is the greatest common divisor of l and 27?
27
Let p be (-4224)/(-78) + 11 + (-4)/26. What is the highest common divisor of p and 455?
65
Suppose 3*s = 3*t + 669, 0 = 3*s + 202*t - 206*t - 664. Calculate the highest common divisor of 266 and s.
38
Let w = -5 + 5. Let v be (w/3)/2 + 0. Let r be (-11)/(-3)*(3 - v). Calculate the greatest common factor of r and 55.
11
Let c = -174 - -357. Calculate the highest common divisor of 244 and c.
61
Let c = 86 - 84. Suppose 2*l - 12 = -c*u + 6, -u = -2*l. Calculate the highest common factor of u and 6.
6
Let v(s) = s**2 + 4 + 2*s + 2*s**2 + 5*s - s**2. Let m(r) = -r**2 - r. Let g(z) = -3*m(z) - v(z). Let k be g(6). What is the greatest common factor of k and 12?
4
Suppose 6*q - q = 4*h + 842, 4*h = -3*q + 518. Let k = -1167 - -1235. What is the greatest common factor of q and k?
34
Let z be (-702)/(-144) + (-2)/(-16). What is the highest common divisor of z and 240?
5
Suppose 32 = -2*g + 102. Suppose 0 = -5*w - 4 + 29. Suppose 3*a = 